124 a multiple of 6522?
True
Is 101419545 a multiple of 1213?
False
Is 215892818 a multiple of 917?
False
Does 12 divide 4668132?
True
Does 87 divide 228772851?
True
Is 1046 a factor of 893776666?
True
Does 12 divide 165918079?
False
Is 568 a factor of 25382277?
False
Does 78 divide 4661436?
True
Is 29 a factor of 4699798?
True
Does 15 divide 3624735?
True
Does 3018 divide 319006202?
False
Does 18 divide 627489756?
True
Is 690782560 a multiple of 2938?
True
Does 592 divide 422837617?
False
Is 302 a factor of 986518636?
True
Does 32 divide 2739334208?
True
Is 476 a factor of 17845716?
True
Is 68 a factor of 4192171?
False
Does 210 divide 708404340?
True
Does 614 divide 1403533914?
False
Is 1708 a factor of 48864172?
True
Does 904 divide 142737045?
False
Is 9812946 a multiple of 66?
True
Is 273 a factor of 49191799?
False
Does 273 divide 89279684?
False
Is 744901716 a multiple of 1762?
False
Is 58 a factor of 288996194?
True
Does 29 divide 1275130?
True
Is 185 a factor of 6739740?
False
Is 18 a factor of 10135278?
True
Is 12436224 a multiple of 384?
True
Is 671 a factor of 77098714?
False
Does 127 divide 233146540?
False
Does 5099 divide 1973583247?
True
Is 582169709 a multiple of 19?
True
Is 131 a factor of 89302109?
False
Is 245193180 a multiple of 200?
False
Is 46249 a multiple of 222?
False
Is 2646270372 a multiple of 19?
True
Is 1612 a factor of 272028537?
False
Is 1668059015 a multiple of 7?
True
Is 249 a factor of 695869593?
True
Is 6 a factor of 1395592903?
False
Is 42713392 a multiple of 184?
True
Is 147012680 a multiple of 790?
True
Is 86 a factor of 296578914?
False
Is 269046902 a multiple of 102?
False
Is 465 a factor of 14405700?
True
Does 36 divide 12583304?
False
Is 45 a factor of 126733114?
False
Is 350698677 a multiple of 458?
False
Is 17 a factor of 114010058?
True
Is 99 a factor of 14975037?
True
Is 17 a factor of 29548669?
True
Does 91 divide 77529161?
False
Does 196 divide 292666024?
True
Is 223354114 a multiple of 6539?
False
Is 4304755 a multiple of 91?
True
Is 103045704 a multiple of 417?
True
Is 44721416 a multiple of 133?
False
Is 39 a factor of 50068980?
True
Is 398 a factor of 23902456?
False
Is 9359 a factor of 365273410?
False
Is 158294630 a multiple of 208?
False
Is 222 a factor of 265411212?
True
Is 806 a factor of 7814170?
True
Is 88883412 a multiple of 34?
True
Does 330 divide 26576220?
True
Is 13 a factor of 596807926?
True
Is 19 a factor of 48786903?
False
Is 1679 a factor of 275900007?
False
Is 979347780 a multiple of 684?
True
Does 893 divide 373983042?
True
Does 13 divide 449468214?
True
Is 303245880 a multiple of 2820?
True
Does 13 divide 339310174?
False
Is 2226432829 a multiple of 17?
True
Is 89530709 a multiple of 97?
True
Does 1535 divide 1031139648?
False
Is 4 a factor of 480549097?
False
Is 1087 a factor of 31523?
True
Does 788 divide 449559082?
False
Is 31 a factor of 2772270015?
True
Does 4 divide 152130?
False
Does 13 divide 966128348?
False
Does 5 divide 4382162?
False
Is 110006715 a multiple of 637?
True
Is 9116912 a multiple of 8?
True
Is 238 a factor of 291020865?
False
Does 104 divide 105622920?
True
Is 52 a factor of 51903436?
True
Does 1825 divide 2063368?
False
Is 111 a factor of 102987057?
False
Is 28219348 a multiple of 57?
False
Does 612 divide 141267498?
False
Is 216 a factor of 2046831768?
True
Does 3 divide 58701090?
True
Is 1314 a factor of 491735391?
False
Is 1257367342 a multiple of 14?
True
Is 31 a factor of 27982645?
False
Is 11 a factor of 163331707?
True
Is 2114690256 a multiple of 147?
True
Is 18894944 a multiple of 2092?
True
Is 183003814 a multiple of 7?
True
Does 23 divide 33986940?
False
Is 16484798 a multiple of 22?
True
Is 163801370 a multiple of 2878?
True
Is 274900438 a multiple of 10?
False
Is 5041418900 a multiple of 2450?
True
Is 27402306 a multiple of 97?
True
Is 144453260 a multiple of 14?
True
Is 1061 a factor of 1506526632?
True
Is 156840495 a multiple of 132?
False
Is 12569065 a multiple of 137?
True
Is 257239422 a multiple of 22?
True
Does 31 divide 45251320?
True
Does 120 divide 67599286?
False
Is 887 a factor of 67602705?
True
Does 210 divide 205667070?
True
Is 12 a factor of 1394043050?
False
Does 808 divide 180034115?
False
Is 3159640708 a multiple of 16?
False
Does 989 divide 738293530?
False
Is 751 a factor of 26771762?
False
Is 18006855 a multiple of 15?
True
Does 109 divide 3137576990?
True
Is 14843761 a multiple of 45?
False
Is 107898887 a multiple of 15?
False
Is 18513965 a multiple of 995?
True
Does 1099 divide 233028663?
True
Is 121499696 a multiple of 43?
False
Is 731538024 a multiple of 3448?
True
Does 1613 divide 1546457298?
True
Is 135 a factor of 436638195?
True
Is 11921480 a multiple of 4?
True
Is 40393620 a multiple of 190?
True
Is 1508859648 a multiple of 1152?
True
Does 897 divide 18654068?
False
Does 438 divide 2315907042?
True
Is 571 a factor of 62068842?
True
Does 1073 divide 36094647?
True
Is 114 a factor of 15280758?
False
Is 8 a factor of 6601584?
True
Is 93 a factor of 93893290?
False
Is 137127970 a multiple of 490?
True
Is 96 a factor of 86517618?
False
Does 407 divide 52398884?
False
Does 14 divide 683470?
False
Is 11066458 a multiple of 284?
False
Is 802 a factor of 906837691?
False
Is 8 a factor of 220765751?
False
Does 78 divide 26356575?
False
Is 80 a factor of 60073760?
True
Is 3510155740 a multiple of 4190?
True
Does 96 divide 107211936?
True
Does 8 divide 18422911?
False
Is 4632 a factor of 67584092?
False
Is 21052915 a multiple of 2041?
True
Is 34067258 a multiple of 17?
False
Does 1139 divide 47855085?
True
Does 57 divide 592208609?
False
Is 12780842 a multiple of 122?
True
Is 37 a factor of 34403969?
True
Is 171228645 a multiple of 38?
False
Does 125 divide 13593000?
True
Is 242 a factor of 34118370?
True
Is 724 a factor of 8827732?
True
Does 11 divide 538377984?
False
Does 29 divide 49691335?
False
Is 214 a factor of 282380931?
False
Is 4084696676 a multiple of 357?
False
Is 5135 a factor of 761277011?
False
Is 2710 a factor of 1237754560?
True
Is 1242 a factor of 1717485532?
False
Is 2632 a factor of 770599592?
True
Is 7880086657 a multiple of 4578?
False
Is 773404672 a multiple of 128?
True
Does 65 divide 57352828?
False
Is 152339580 a multiple of 89?
False
Does 98 divide 9489830?
True
Does 95 divide 43130414?
False
Is 790 a factor of 2597834926?
False
Does 5 divide 5375708?
False
Is 17900782 a multiple of 206?
True
Is 54 a factor of 80612460?
False
Does 226 divide 1497360?
False
Is 361 a factor of 64073168?
True
Does 32 divide 580207328?
True
Is 3078 a factor of 918142776?
True
Is 16 a factor of 4065487136?
True
Does 2539 divide 500434942?
False
Does 151 divide 452547?
True
Is 44 a factor of 20643656?
True
Is 14 a factor of 101643306?
False
Is 14 a factor of 15521646?
True
Does 51 divide 32006733?
True
Is 1677 a factor of 310031933?
False
Does 150 divide 187928700?
True
Is 52 a factor of 457419820?
True
Is 2720 a factor of 208363531?
False
Is 363530408 a multiple of 16?
False
Is 48681595 a multiple of 227?
False
Does 7 divide 1840709679?
False
Does 710 divide 111171800?
True
Is 148335555 a multiple of 15?
True
Is 39615520 a multiple of 815?
True
Is 126 a factor of 1580665505?
False
Is 587625735 a multiple of 345?
True
Is 3580122 a multiple of 39?
True
Does 3299 divide 4153441?
True
Is 180 a factor of 54356760?
True
Is 8495983 a multiple of 138?
False
Is 141 a factor of 3323934?
True
Is 4261 a factor of 1788382509?
False
Is 15 a factor of 47746518?
False
Is 153666304 a multiple of 18?
False
Does 29 divide 26039213?
False
Does 4366 divide 902570082?
True
Does 682 divide 7012638?
False
Does 182 divide 254138642?
False
Does 2645 divide 311770580?
False
Does 50 divide 142346132?
False
Does 94 divide 355866704?
True
Is 107 a factor of 21259074?
False
Is 123 a factor of 8429067?
True
Is 340501371 a multiple of 542?
False
Is 702 a factor of 863391699?
False
Is 72 a factor of 21932130?
False
Does 33 divide 31772107?
False
Is 202431043 a multiple of 25?
False
Is 789 a factor of 302943651?
True
Does 10 divide 227519?
False
Does 93 divide 1680743988?
True
Is 87292 even?
True
Is 13 a factor of 51737465?
True
Does 3 divide 30203266?
False
Does 176 divide 76544953?
False
Is 159 a factor of 758105163?
True
Is 840092377 a multi